mon divisor of 2624 and 71196992.
2624
What is the highest common factor of 2744160 and 4240?
80
Calculate the greatest common factor of 56 and 12110504.
56
What is the highest common factor of 9596 and 1644?
4
Calculate the highest common factor of 1596 and 11141106.
114
Calculate the highest common divisor of 25025 and 842800.
175
What is the greatest common divisor of 1193694 and 15466?
1406
Calculate the highest common factor of 3365 and 382748560.
3365
Calculate the greatest common divisor of 1406054 and 2542.
82
Calculate the greatest common divisor of 29016309 and 63.
21
Calculate the greatest common divisor of 1105 and 62704993.
221
What is the greatest common divisor of 6516238 and 421?
421
Calculate the highest common divisor of 13 and 34373482.
13
Calculate the highest common divisor of 4288 and 382637536.
2144
What is the highest common divisor of 16529360 and 96728?
856
What is the greatest common divisor of 27987730 and 70?
10
What is the greatest common divisor of 20519 and 961979?
1207
Calculate the greatest common divisor of 1742 and 53063192.
26
What is the highest common divisor of 126048744 and 714?
102
Calculate the greatest common factor of 1039362 and 136218.
1866
What is the greatest common divisor of 1570 and 2319518?
314
What is the highest common divisor of 1320 and 4626952?
88
Calculate the highest common divisor of 307838451 and 83.
83
Calculate the highest common factor of 6080 and 7019968.
1216
What is the greatest common factor of 17984650 and 1550?
1550
What is the highest common divisor of 789280 and 214960?
80
What is the greatest common divisor of 22997 and 3309799?
1769
What is the greatest common factor of 1620 and 1177010460?
540
What is the greatest common divisor of 34247 and 59711878?
1489
What is the highest common divisor of 65751 and 19086669?
651
Calculate the greatest common divisor of 52 and 3962612.
4
What is the greatest common factor of 1474048 and 149504?
512
Calculate the greatest common divisor of 4160 and 71269952.
832
What is the greatest common factor of 11043 and 733968?
27
Calculate the greatest common factor of 1710 and 1297130.
190
Calculate the greatest common divisor of 782 and 3485546822.
782
What is the highest common divisor of 1493487 and 10971?
477
Calculate the highest common factor of 106560 and 107169390.
3330
Calculate the highest common divisor of 22439 and 59717.
19
Calculate the greatest common divisor of 1764 and 7686672.
84
What is the highest common factor of 156693790 and 1210?
1210
What is the greatest common divisor of 186432421 and 119?
119
Calculate the highest common divisor of 50940 and 48456.
36
Calculate the highest common factor of 2968 and 86961287.
371
Calculate the greatest common divisor of 706 and 5104027.
353
What is the highest common divisor of 1262473 and 1762?
881
Calculate the highest common divisor of 300255 and 2307365.
2705
Calculate the highest common factor of 3090 and 14560860.
30
What is the greatest common divisor of 621 and 3143111?
23
Calculate the highest common factor of 229793448 and 1653.
1653
What is the highest common divisor of 11524 and 157853?
43
Calculate the highest common divisor of 354474 and 20586.
282
What is the highest common divisor of 220598261 and 226?
113
What is the greatest common factor of 26048 and 40384?
64
What is the greatest common factor of 61902 and 91162?
38
What is the greatest common factor of 1124718 and 18877?
439
Calculate the greatest common divisor of 6516 and 3502069812.
6516
What is the highest common factor of 286 and 43426669?
143
Calculate the greatest common factor of 37 and 36469790.
37
What is the highest common divisor of 481114591 and 2003?
2003
What is the greatest common divisor of 28707794 and 2154?
718
Calculate the highest common divisor of 22341 and 5989401.
33
What is the greatest common factor of 12544706 and 668?
334
Calculate the greatest common divisor of 3465 and 62915699.
77
What is the highest common factor of 228971 and 4167729?
571
What is the highest common factor of 1379819 and 70?
7
What is the highest common divisor of 41 and 767779530?
41
What is the greatest common divisor of 582856 and 913378?
3554
Calculate the highest common divisor of 151 and 31730989.
151
Calculate the greatest common divisor of 6976 and 7854104.
872
Calculate the highest common divisor of 11784 and 35200.
8
What is the highest common divisor of 801 and 357?
3
Calculate the greatest common divisor of 187070 and 13130.
130
Calculate the greatest common divisor of 3783 and 8881223.
1261
Calculate the greatest common divisor of 33267 and 198978.
39
Calculate the highest common factor of 10801 and 16667.
7
Calculate the highest common divisor of 265069692 and 60.
12
Calculate the greatest common divisor of 384186 and 4722.
6
What is the highest common divisor of 89976 and 677917?
163
What is the highest common factor of 42215 and 2005?
5
Calculate the greatest common factor of 408 and 41876984.
136
What is the greatest common divisor of 522036889 and 33?
11
Calculate the greatest common factor of 17560 and 29582015.
2195
Calculate the greatest common factor of 7280154 and 18.
18
Calculate the greatest common divisor of 1473968 and 2448.
272
What is the highest common divisor of 140868 and 225288?
252
Calculate the highest common factor of 16004090 and 6705.
745
Calculate the greatest common divisor of 23239 and 23295047.
1367
What is the highest common factor of 2677696 and 63?
7
What is the greatest common divisor of 2566 and 3326?
2
Calculate the highest common divisor of 62741808 and 8856.
2952
Calculate the greatest common factor of 6461 and 11611340.
923
Calculate the highest common divisor of 9456797 and 984991.
4417
What is the highest common factor of 1492573 and 129?
43
Calculate the highest common factor of 1395 and 1772559.
9
What is the greatest common factor of 1521854 and 2?
2
Calculate the greatest common divisor of 350 and 20546725.
25
What is the highest common divisor of 1021207 and 99187?
1397
Calculate the highest common factor of 66752715 and 1845.
615
What is the greatest common factor of 26 and 839554?
2
What is the greatest common divisor of 203 and 73906616?
203
What is the greatest common factor of 38537 and 494053?
433
What is the highest common factor of 27 and 734961555?
9
What is the greatest common divisor of 3046 and 3228388388?
3046
What is the greatest common divisor of 3948 and 57066366?
1974
Calculate the highest common divisor of 15938 and 106574.
26
What is the greatest common divisor of 670 and 16596302?
134
What is the highest common factor of 10415941 and 31113?
3457
What is the greatest common factor of 102 and 4826708?
34
Calculate the highest common divisor of 4496 and 64688.
16
Calculate the highest common factor of 2482574 and 12282.
46
Calculate the highest common divisor of 157584 and 436002.
294
What is the greatest common factor of 4655855 and 285?
95
Calculate the highest common divisor of 180 and 16176080.
20
What is the highest common divisor of 2185384 and 4216?
136
What is the greatest common divisor of 4630 and 29265304?
926
Calculate the highest common divisor of 1697144460 and 22.
22
What is the greatest common factor of 132211 and 16170773?
4559
Calculate the greatest common factor of 1563 and 92629632.
1563
Calculate the greatest common divisor of 1910 and 7303267.
191
Calculate the highest common factor of 165409 and 1985159.
251
What is the highest common divisor of 39 and 64155598?
13
What is the highest common divisor of 16 and 72250064?
16
Calculate the highest common divisor of 324345 and 147.
21
What is the highest common divisor of 44725760 and 120320?
2560
What is the highest common divisor of 223 and 54517033?
223
What is the greatest common factor of 5246 and 8021622?
122
What is the highest common divisor of 435 and 118833909?
87
What is the greatest common factor of 454722657 and 474?
237
Calculate the highest common divisor of 187 and 332503.
17
Calculate the highest common divisor of 65663 and 143.
13
Calculate the greatest common factor of 93342 and 25286.
94
Calculate the highest common factor of 40 and 5583464.
8
Calculate the greatest common factor of 8235909 and 198.
99
Calculate the highest common factor of 8587454